{"id":214,"date":"2022-07-14T18:57:00","date_gmt":"2022-07-14T18:57:00","guid":{"rendered":"http:\/\/way2internet.com\/proyectos\/lab\/?post_type=product&#038;p=214"},"modified":"2022-07-14T18:58:21","modified_gmt":"2022-07-14T18:58:21","slug":"picada-vitto","status":"publish","type":"product","link":"http:\/\/way2internet.com\/proyectos\/lab\/producto\/picada-vitto\/","title":{"rendered":"Picada Vitto"},"content":{"rendered":"","protected":false},"excerpt":{"rendered":"<p><strong>Quesos<\/strong><\/p>\n<p>Azul Santa Fe &#8211; Fontina &#8211; Raclette &#8211; Romanito &#8211; Brie<\/p>\n<p><strong>Fiambres<\/strong><\/p>\n<p>Pastr\u00f3n Natural Ahumado &#8211; Lomo Suizo &#8211; Lomo Carpaccio &#8211; Jam\u00f3n Crudo Serrano &#8211; Salame Bast\u00f3n Espa\u00f1ol &#8211; Fuet<\/p>\n<p><strong>Adicionales<\/strong><\/p>\n<p>Aceitunas Griegas &#8211; Queso Crema C\/Ciboulette &#8211; Pan de Masa Madre (dependiendo el formato)<br \/>\nCiabatta | Media Barra | Campesino<\/p>\n<p><strong>La picada perfecta para vos<\/strong><\/p>\n<p>Todas nuestras tablas vienen presentadas en caja y bandejas especiales. Son abundantes: se calcula entre 300 y 350 gr por persona + Pan de Masa Madre.<\/p>\n","protected":false},"featured_media":235,"comment_status":"closed","ping_status":"closed","template":"","meta":[],"product_cat":[64],"product_tag":[],"yoast_head":"<!-- This site is optimized with the Yoast SEO plugin v19.3 - https:\/\/yoast.com\/wordpress\/plugins\/seo\/ -->\n<title>Picada Vitto - Lab<\/title>\n<meta name=\"robots\" content=\"index, follow, max-snippet:-1, max-image-preview:large, max-video-preview:-1\" \/>\n<link rel=\"canonical\" href=\"http:\/\/way2internet.com\/proyectos\/lab\/producto\/picada-vitto\/\" \/>\n<meta property=\"og:locale\" content=\"es_ES\" \/>\n<meta property=\"og:type\" content=\"article\" \/>\n<meta property=\"og:title\" content=\"Picada Vitto - Lab\" \/>\n<meta property=\"og:description\" content=\"Quesos  Azul Santa Fe - Fontina - Raclette - Romanito - Brie  Fiambres  Pastr\u00f3n Natural Ahumado - Lomo Suizo - Lomo Carpaccio - Jam\u00f3n Crudo Serrano - Salame Bast\u00f3n Espa\u00f1ol - Fuet  Adicionales  Aceitunas Griegas - Queso Crema C\/Ciboulette - Pan de Masa Madre (dependiendo el formato) Ciabatta | Media Barra | Campesino  La picada perfecta para vos  Todas nuestras tablas vienen presentadas en caja y bandejas especiales. Son abundantes: se calcula entre 300 y 350 gr por persona + Pan de Masa Madre.\" \/>\n<meta property=\"og:url\" content=\"http:\/\/way2internet.com\/proyectos\/lab\/producto\/picada-vitto\/\" \/>\n<meta property=\"og:site_name\" content=\"Lab\" \/>\n<meta property=\"article:modified_time\" content=\"2022-07-14T18:58:21+00:00\" \/>\n<meta name=\"twitter:card\" content=\"summary_large_image\" \/>\n<script type=\"application\/ld+json\" class=\"yoast-schema-graph\">{\"@context\":\"https:\/\/schema.org\",\"@graph\":[{\"@type\":\"WebSite\",\"@id\":\"http:\/\/way2internet.com\/proyectos\/lab\/#website\",\"url\":\"http:\/\/way2internet.com\/proyectos\/lab\/\",\"name\":\"Lab\",\"description\":\"\",\"potentialAction\":[{\"@type\":\"SearchAction\",\"target\":{\"@type\":\"EntryPoint\",\"urlTemplate\":\"http:\/\/way2internet.com\/proyectos\/lab\/?s={search_term_string}\"},\"query-input\":\"required name=search_term_string\"}],\"inLanguage\":\"es\"},{\"@type\":\"ImageObject\",\"inLanguage\":\"es\",\"@id\":\"http:\/\/way2internet.com\/proyectos\/lab\/producto\/picada-vitto\/#primaryimage\",\"url\":\"http:\/\/way2internet.com\/proyectos\/lab\/files\/2022\/07\/Vitto.jpg\",\"contentUrl\":\"http:\/\/way2internet.com\/proyectos\/lab\/files\/2022\/07\/Vitto.jpg\",\"width\":1000,\"height\":1000},{\"@type\":\"WebPage\",\"@id\":\"http:\/\/way2internet.com\/proyectos\/lab\/producto\/picada-vitto\/\",\"url\":\"http:\/\/way2internet.com\/proyectos\/lab\/producto\/picada-vitto\/\",\"name\":\"Picada Vitto - Lab\",\"isPartOf\":{\"@id\":\"http:\/\/way2internet.com\/proyectos\/lab\/#website\"},\"primaryImageOfPage\":{\"@id\":\"http:\/\/way2internet.com\/proyectos\/lab\/producto\/picada-vitto\/#primaryimage\"},\"datePublished\":\"2022-07-14T18:57:00+00:00\",\"dateModified\":\"2022-07-14T18:58:21+00:00\",\"breadcrumb\":{\"@id\":\"http:\/\/way2internet.com\/proyectos\/lab\/producto\/picada-vitto\/#breadcrumb\"},\"inLanguage\":\"es\",\"potentialAction\":[{\"@type\":\"ReadAction\",\"target\":[\"http:\/\/way2internet.com\/proyectos\/lab\/producto\/picada-vitto\/\"]}]},{\"@type\":\"BreadcrumbList\",\"@id\":\"http:\/\/way2internet.com\/proyectos\/lab\/producto\/picada-vitto\/#breadcrumb\",\"itemListElement\":[{\"@type\":\"ListItem\",\"position\":1,\"name\":\"Portada\",\"item\":\"http:\/\/way2internet.com\/proyectos\/lab\/\"},{\"@type\":\"ListItem\",\"position\":2,\"name\":\"Tienda\",\"item\":\"http:\/\/way2internet.com\/proyectos\/lab\/tienda\/\"},{\"@type\":\"ListItem\",\"position\":3,\"name\":\"Picada Vitto\"}]}]}<\/script>\n<!-- \/ Yoast SEO plugin. -->","yoast_head_json":{"title":"Picada Vitto - Lab","robots":{"index":"index","follow":"follow","max-snippet":"max-snippet:-1","max-image-preview":"max-image-preview:large","max-video-preview":"max-video-preview:-1"},"canonical":"http:\/\/way2internet.com\/proyectos\/lab\/producto\/picada-vitto\/","og_locale":"es_ES","og_type":"article","og_title":"Picada Vitto - Lab","og_description":"Quesos  Azul Santa Fe - Fontina - Raclette - Romanito - Brie  Fiambres  Pastr\u00f3n Natural Ahumado - Lomo Suizo - Lomo Carpaccio - Jam\u00f3n Crudo Serrano - Salame Bast\u00f3n Espa\u00f1ol - Fuet  Adicionales  Aceitunas Griegas - Queso Crema C\/Ciboulette - Pan de Masa Madre (dependiendo el formato) Ciabatta | Media Barra | Campesino  La picada perfecta para vos  Todas nuestras tablas vienen presentadas en caja y bandejas especiales. Son abundantes: se calcula entre 300 y 350 gr por persona + Pan de Masa Madre.","og_url":"http:\/\/way2internet.com\/proyectos\/lab\/producto\/picada-vitto\/","og_site_name":"Lab","article_modified_time":"2022-07-14T18:58:21+00:00","twitter_card":"summary_large_image","schema":{"@context":"https:\/\/schema.org","@graph":[{"@type":"WebSite","@id":"http:\/\/way2internet.com\/proyectos\/lab\/#website","url":"http:\/\/way2internet.com\/proyectos\/lab\/","name":"Lab","description":"","potentialAction":[{"@type":"SearchAction","target":{"@type":"EntryPoint","urlTemplate":"http:\/\/way2internet.com\/proyectos\/lab\/?s={search_term_string}"},"query-input":"required name=search_term_string"}],"inLanguage":"es"},{"@type":"ImageObject","inLanguage":"es","@id":"http:\/\/way2internet.com\/proyectos\/lab\/producto\/picada-vitto\/#primaryimage","url":"http:\/\/way2internet.com\/proyectos\/lab\/files\/2022\/07\/Vitto.jpg","contentUrl":"http:\/\/way2internet.com\/proyectos\/lab\/files\/2022\/07\/Vitto.jpg","width":1000,"height":1000},{"@type":"WebPage","@id":"http:\/\/way2internet.com\/proyectos\/lab\/producto\/picada-vitto\/","url":"http:\/\/way2internet.com\/proyectos\/lab\/producto\/picada-vitto\/","name":"Picada Vitto - Lab","isPartOf":{"@id":"http:\/\/way2internet.com\/proyectos\/lab\/#website"},"primaryImageOfPage":{"@id":"http:\/\/way2internet.com\/proyectos\/lab\/producto\/picada-vitto\/#primaryimage"},"datePublished":"2022-07-14T18:57:00+00:00","dateModified":"2022-07-14T18:58:21+00:00","breadcrumb":{"@id":"http:\/\/way2internet.com\/proyectos\/lab\/producto\/picada-vitto\/#breadcrumb"},"inLanguage":"es","potentialAction":[{"@type":"ReadAction","target":["http:\/\/way2internet.com\/proyectos\/lab\/producto\/picada-vitto\/"]}]},{"@type":"BreadcrumbList","@id":"http:\/\/way2internet.com\/proyectos\/lab\/producto\/picada-vitto\/#breadcrumb","itemListElement":[{"@type":"ListItem","position":1,"name":"Portada","item":"http:\/\/way2internet.com\/proyectos\/lab\/"},{"@type":"ListItem","position":2,"name":"Tienda","item":"http:\/\/way2internet.com\/proyectos\/lab\/tienda\/"},{"@type":"ListItem","position":3,"name":"Picada Vitto"}]}]}},"_links":{"self":[{"href":"http:\/\/way2internet.com\/proyectos\/lab\/wp-json\/wp\/v2\/product\/214"}],"collection":[{"href":"http:\/\/way2internet.com\/proyectos\/lab\/wp-json\/wp\/v2\/product"}],"about":[{"href":"http:\/\/way2internet.com\/proyectos\/lab\/wp-json\/wp\/v2\/types\/product"}],"replies":[{"embeddable":true,"href":"http:\/\/way2internet.com\/proyectos\/lab\/wp-json\/wp\/v2\/comments?post=214"}],"wp:featuredmedia":[{"embeddable":true,"href":"http:\/\/way2internet.com\/proyectos\/lab\/wp-json\/wp\/v2\/media\/235"}],"wp:attachment":[{"href":"http:\/\/way2internet.com\/proyectos\/lab\/wp-json\/wp\/v2\/media?parent=214"}],"wp:term":[{"taxonomy":"product_cat","embeddable":true,"href":"http:\/\/way2internet.com\/proyectos\/lab\/wp-json\/wp\/v2\/product_cat?post=214"},{"taxonomy":"product_tag","embeddable":true,"href":"http:\/\/way2internet.com\/proyectos\/lab\/wp-json\/wp\/v2\/product_tag?post=214"}],"curies":[{"name":"wp","href":"https:\/\/api.w.org\/{rel}","templated":true}]}}